. What is the tens digit of c?
2
Let i(d) = -d**2 + 5. Let c be i(0). Suppose 2*x = 6*x - c*q - 106, 2*x - 60 = -q. Let g = x + -16. What is the units digit of g?
3
Suppose 14 = -5*z + 3*h, 2*z + 3*z + 5*h - 10 = 0. What is the units digit of (-7 - -8)*(z - -5)?
4
Let f(r) = 8*r - 2. Let z(j) = -15*j + 3. Let k(m) = -11*f(m) - 6*z(m). What is the tens digit of k(3)?
1
Let k be 1 + 1 - (0 - 3). What is the tens digit of k*(16/(-5))/(-1)?
1
Suppose 3*m - 16 - 11 = 0. Let t = m + -7. What is the units digit of t?
2
Let s = -1 - -62. Let r = -15 + s. What is the units digit of r?
6
Let t be (8 + -3)*29*1. Suppose 0 = 3*x - 8*x + t. What is the units digit of x?
9
Let n(z) = z**3 + 4*z**2 - 7*z - 7. Let q(b) = b**3 - 3*b**2 + 4. Let l be q(3). Suppose 4*s - c + 19 = 0, -s + l*c + 4 = 5. What is the units digit of n(s)?
3
Let n(b) = -b - 2. Let o be n(-8). Suppose -15 - o = -a. Let j = -9 + a. What is the tens digit of j?
1
Let l(a) = -a**3 + 24*a**2 - 24*a + 41. What is the tens digit of l(23)?
1
Let f = 3 + 68. What is the tens digit of f?
7
Suppose -z = -3*u + 10, -z = -0*z + u - 10. Suppose -3*d + 17 = -2*r - 53, 2*d + z*r = 34. What is the tens digit of d?
2
Let d = 43 - -4. What is the units digit of d?
7
Let g(k) = 5*k**3 - k. Let x be g(1). Suppose 23 = -5*r - 27. What is the units digit of (-27)/18 - r/x?
1
Let v(f) = -f**3 - 4*f**2. Let b be v(-4). Suppose -t + b = -5. What is the units digit of t?
5
Suppose -u + 88 = -26. What is the units digit of u?
4
Suppose 0 = -3*c - 4*g + 199, 4*g = 5*c - g - 355. What is the units digit of c?
9
Let l = -2 + 0. Let u be (-172)/(-36) + l/(-9). Let y = 12 - u. What is the units digit of y?
7
Suppose 3*j + 35 = 5*m, -5*j = -0*m + 4*m + 9. What is the units digit of (-12)/(-8) - (-70)/m?
9
Let p be 9/2*(-2)/(-3). Let v be ((-2)/(-1))/(-2)*p. Let f = 10 + v. What is the units digit of f?
7
Suppose 12 = 4*z, -2*z = 4*s - 3*z - 321. What is the units digit of s?
1
Let o = 29 + -24. Suppose s = -n + 1 + 2, s + o*n - 7 = 0. What is the units digit of s?
2
Let j(d) = -d**3 + 10*d**2 + 11*d + 16. Let r(o) = 12*o**2 - 2*o + 1. Let k be r(1). What is the units digit of j(k)?
6
Let r be 5 + -1 + (-5)/5. Suppose r*g = 4 + 17. What is the units digit of g?
7
Let m(q) = q - 2. Let t be m(7). Suppose t*o = j + 12, 5*j + 3*o = 4*o + 36. What is the units digit of j?
8
Let d(z) = 2*z + 5. Let o be d(-4). Let h = 12 - o. What is the tens digit of h?
1
Let x = 4 - 9. Let l(p) = -3*p + 3*p**2 - 4*p**2 + 6 - p. What is the units digit of l(x)?
1
Let a be 111/(-21) + 6/21. What is the units digit of (5 - 8)*(a - 1)?
8
Let y = -63 - -34. Let v = -17 - y. What is the units digit of v?
2
Let g = 2 - -6. What is the units digit of g?
8
Let w be 27/(-2) + (-2)/4. Suppose -9*x = -4*x - 100. Let t = w + x. What is the units digit of t?
6
Let n(q) be the first derivative of 2 + 0*q + 1/2*q**2. What is the units digit of n(3)?
3
Let i(j) = 36*j**2 - j - 1. What is the units digit of i(-1)?
6
Let k be 2 - -3 - (1 - 0). Suppose 0 = -u + 2*u + k. What is the units digit of ((-6)/(-9))/(u/(-6))?
1
Let b(a) = -2*a**3 - 3*a**2 + 9*a - 6. Let v(f) = 5*f**3 + 10*f**2 - 26*f + 17. Let y(x) = -8*b(x) - 3*v(x). What is the units digit of y(5)?
2
Let w be -17*(1 + 2 + -4). Suppose -n = -0*n + 8. Let y = n + w. What is the units digit of y?
9
Let w be 14*(15/3 + -2). Suppose u + 17 = w. Suppose -3*q = 4 - u. What is the units digit of q?
7
Suppose 0 = 4*y + 2 + 18. Let x be (-2)/y - (-51)/(-15). What is the units digit of x/(-2)*(-42)/(-9)?
7
Suppose 41 = v - 5*h, -3*v + 94 - 11 = -5*h. Let j = v - 16. What is the units digit of j?
5
Let j(q) = -3*q**3 - 2*q**2 - q. Let b be ((-2)/(-1))/((-4)/2). What is the units digit of j(b)?
2
Let u(v) = 2*v**3 - 8*v**2 + 11*v + 3. What is the tens digit of u(6)?
1
Let m(p) = -3*p**2. Let x(o) = 2*o + 1. Let w be x(-1). Let r be m(w). What is the units digit of (-3 - -2 - r) + 2?
4
Suppose 273 = 3*j + 27. Suppose -3*o - 3*l + 111 = -6*l, -4*l - j = -2*o. Let y = -12 + o. What is the tens digit of y?
2
Suppose -20 = -r - 3*r, 2*w - 4*r + 34 = 0. Suppose -3*l - 103 = 92. What is the units digit of l/(-7) + 2/w?
9
Suppose -4*k = 2*m - 16, 2*m - 4*k = -5*k + 22. What is the units digit of m?
2
Suppose -d = 3*d - 52. Let x = d + -4. What is the units digit of x?
9
Let x(d) = -3*d + 1. What is the units digit of x(-14)?
3
Let b(x) = -2*x + 9. Let w be b(6). Suppose -4*l - 20 = -5*p, -5*l - 10 = p - 3*l. Let k = p - w. What is the units digit of k?
3
Let w = -45 - -94. Suppose 4*q - 15 - w = 0. What is the units digit of q?
6
Let y(k) be the second derivative of k**3/3 + 3*k**2/2 + 5*k. What is the units digit of y(9)?
1
Let o(m) = 5*m - 1. Let a be o(1). Suppose -2*t + s + 33 = -a*s, -s = 2*t - 3. What is the units digit of t?
4
Suppose -2*f = 4*y - 292, -y + 143 = -3*f + 4*f. What is the units digit of f?
0
Let f be ((-2)/(-5))/((-5)/(-25)). Let i(y) = y**3 + y**2 - 3*y + 3. What is the units digit of i(f)?
9
What is the hundreds digit of 2/(-8) + 4291/28?
1
Let y(v) = -v**3 + 23*v**2 + 11*v + 48. What is the hundreds digit of y(23)?
3
Suppose 0*b + 4*q - 51 = -5*b, 2*b - 24 = 2*q. What is the tens digit of b?
1
Let x = -8 + 4. Let q = x + 9. What is the units digit of q?
5
Let a(p) = p. Let g(x) = -6*x + 7. Suppose 3 = -4*i - 1. Let s(n) = i*g(n) - 5*a(n). What is the units digit of s(8)?
1
Let t(c) = 3*c**2 + 3*c + 5. Let l(z) = -13*z**2 - 11*z - 21. Let r(o) = 2*l(o) + 9*t(o). Suppose -3*u - 5 = -2*u. What is the units digit of r(u)?
3
What is the units digit of 166*3/18*6?
6
Suppose 2*k - 5*m - 106 = 0, 2*k - k + m - 46 = 0. What is the tens digit of k?
4
Suppose 0 = -2*v - r - 8, 5*r + 13 = -2*v - 3. What is the units digit of 3 - (1 - (-3 - v))?
2
Let h be 40/(-3 - (-14)/4). What is the units digit of h/15 + (-2)/6?
5
Let u be (3/6)/(2/24). Suppose -2*t + u = t. Suppose t*n + 2 = 10. What is the units digit of n?
4
What is the tens digit of 4/(-6) + (-200)/(-3)?
6
Let y(b) = 312*b**2 + 8*b + 9. What is the hundreds digit of y(-1)?
3
What is the units digit of 26/5 + (-1)/5?
5
Suppose 0*t - 6 = -t. Suppose 5*a - t = 3*a. Suppose -3*q + 80 = 4*n - 0*n, -2*q = a*n - 59. What is the units digit of n?
7
What is the tens digit of (7 - 0)*(-2 + 7)?
3
Suppose 3*l = 4*i + 8, -3*i + 10 + 5 = 3*l. Suppose -15 - i = -4*w. What is the units digit of w?
4
Suppose 3*f + 1047 = 5*z - f, -z + 2*f = -213. What is the hundreds digit of z?
2
Let d(g) = g**2 - g**2 - 4 - 4*g**3 + 3. Let v be d(-1). What is the units digit of 27/3 + v/3?
0
Suppose -2*n = 3*n - 5. Let s be (n - 3/6)*52. Suppose s + 25 = 3*o. What is the units digit of o?
7
Let y = 37 - 24. Suppose -47 - y = -5*b. Suppose -b = -2*z + 8. What is the tens digit of z?
1
Suppose 2*j + 2*j = 8, 0 = -4*l + 4*j + 108. What is the units digit of l?
9
Let g = -126 - -262. What is the units digit of g?
6
Suppose r + 2 = 4. Suppose r*q + 0*q - 10 = 0. Let w = q + 7. What is the units digit of w?
2
Suppose -2*l + 38 = k - 0*l, -5*k + 218 = 3*l. What is the units digit of k?
6
Let g = -602 - -843. What is the tens digit of g?
4
Suppose 0 = -5*z + 4*b + 76 + 29, -z + 4*b + 37 = 0. What is the units digit of z?
7
Let v(f) = -3*f - 4. Let z be v(-4). Suppose -5*w + z = -2. Suppose 15 = -5*i - 5*x, 3*i + 3 + w = -2*x. What is the units digit of i?
1
Let u(r) = -r**3 - 8*r**2 + 2*r - 8. What is the units digit of u(-9)?
5
Let n(y) = -3*y - 4. Let w(r) = -2*r - 3. Let h(u) = 3*n(u) - 2*w(u). What is the units digit of h(-5)?
9
Let d = 10 - 22. Let n be d/9*(-3)/2. Suppose 20 = 5*w + 5*j - j, -n*j = 10. What is the units digit of w?
8
Suppose 4*m - 3*w = 16, -2*w - 3 = -2*m + 3. Suppose -m*v + 5*v + 24 = 0. What is the tens digit of v?
1
Let o = -43 + 65. What is the units digit of o?
2
Let d(t) = 6*t - 15. What is the units digit of d(9)?
9
Let j(y) = -y**2 - 7*y + 8. Let d be j(-8). Suppose 5*s - s = d. Suppose s = -2*r + 20. What is the tens digit of r?
1
Let n = 182 + -88. What is the units digit of n?
4
Let x(r) be the third derivative of r**4/24 + 2*r**3 + 4*r**2. What is the units digit of x(-9)?
3
Suppose u + 212 = 5*p - 133, 0 = 5*p + u - 335. What is the tens digit of p?
6
Suppose 0 = -0*g - g. Suppose g*u = u. Suppose -b = -u*b - 3. What is the units digit of b?
3
Let